{"id":59,"date":"2016-07-21T11:29:38","date_gmt":"2016-07-21T09:29:38","guid":{"rendered":"http:\/\/www.selfempowerment.training\/training\/?page_id=59"},"modified":"2022-09-22T11:18:23","modified_gmt":"2022-09-22T09:18:23","slug":"supervision","status":"publish","type":"page","link":"https:\/\/www.selfempowerment.training\/training\/supervision\/","title":{"rendered":"Supervision &#038; Selbsterfahrung"},"content":{"rendered":"<p>Supervision und Selbsterfahrung f\u00fcr Einzelpersonen und Gruppen<\/p>\n<p>In der Supervision ist es mir wichtig gemeinsam eine offene, ehrliche und vertrauensw\u00fcrdige Arbeitsbeziehung zu entwickeln die zur Reflexion des beruflichen sowie auch des privaten Handelns einladen soll. Die TeilnehmerInnen werden dadurch bef\u00e4higt, die damit verbundenen Probleme und Herausforderungen konstruktiv zu bew\u00e4ltigen, Konflikte zu l\u00f6sen und Ver\u00e4nderungsprozesse aktiv zu steuern.<\/p>\n<h2>Meine pers\u00f6nliche Arbeitsweise dabei ist ressourcen- und l\u00f6sungsorientiert.<\/h2>\n<p>Klares Feedback, Perspektivenwechsel und neue Sichtweisen sollen inspirieren neue Erfahrungen zu erm\u00f6glichen und den pers\u00f6nlichen Handlungsspielraum zu erweitern.<\/p>\n<p>Selbsterfahrung<\/p>\n<p>Aufgrund meiner Lebensgeschichte kann ich auf mittlerweile mehr als 30 Jahre pers\u00f6nliche Selbsterfahrung der verschiedensten Systeme, Richtungen, Kulturen, Kontinente und Lehrer zur\u00fcckgreifen. Einiges war gro\u00dfartig, Vieles war in Ordnung und Etliches grottenschlecht&#8230;aber auch das ist gut zu wissen in meinem Beruf!<\/p>\n<h3>Welche Art, Tiefe und welche Richtung die Selbsterfahrungseinheit\u00a0nehmen soll h\u00e4ngt ma\u00dfgeblich von der individuellen Situation der Person bzw. der spezifischen Situation der Gruppe ab.<\/h3>\n<p>Entscheidend ist, dass durch achtsame Begleitung ein transformativer Effekt, eine Erkenntnis oder Einsicht erm\u00f6glicht wird die eine Bereicherung f\u00fcr das weitere Leben darstellt und dabei nicht \u00fcberfordert.<\/p>\n<p>Selbsterfahrung\u00a0darf\u00a0auch humor- und lustvoll sein und dabei tiefe Erkenntnisse erm\u00f6glichen.<\/p>\n<p>Als eingetragener Lebens- und Sozialberater sind diese Stunden nat\u00fcrlich anrechenbar f\u00fcr Deine LSB-Ausbildung.<\/p>\n","protected":false},"excerpt":{"rendered":"<p>Supervision und Selbsterfahrung f\u00fcr Einzelpersonen und Gruppen In der Supervision ist es mir wichtig gemeinsam eine offene, ehrliche und vertrauensw\u00fcrdige Arbeitsbeziehung zu entwickeln die zur Reflexion des beruflichen sowie auch des privaten Handelns einladen&#46;&#46;&#46;<\/p>\n","protected":false},"author":3,"featured_media":609,"parent":0,"menu_order":0,"comment_status":"closed","ping_status":"closed","template":"","meta":{"footnotes":""},"class_list":["post-59","page","type-page","status-publish","has-post-thumbnail","hentry"],"yoast_head":"<!-- This site is optimized with the Yoast SEO plugin v22.7 - https:\/\/yoast.com\/wordpress\/plugins\/seo\/ -->\n<title>Supervision &amp; Selbsterfahrung - Selfempowerment Training<\/title>\n<meta name=\"description\" content=\"Supervision und Selbsterfahrung f\u00fcr Einzelpersonen und Gruppen Transformative Selbsterfahrung individuell auf Deine Bed\u00fcrfnisse angepasst.\" \/>\n<meta name=\"robots\" content=\"index, follow, max-snippet:-1, max-image-preview:large, max-video-preview:-1\" \/>\n<link rel=\"canonical\" href=\"https:\/\/www.selfempowerment.training\/training\/supervision\/\" \/>\n<meta property=\"og:locale\" content=\"de_DE\" \/>\n<meta property=\"og:type\" content=\"article\" \/>\n<meta property=\"og:title\" content=\"Supervision &amp; Selbsterfahrung - Selfempowerment Training\" \/>\n<meta property=\"og:description\" content=\"Supervision und Selbsterfahrung f\u00fcr Einzelpersonen und Gruppen Transformative Selbsterfahrung individuell auf Deine Bed\u00fcrfnisse angepasst.\" \/>\n<meta property=\"og:url\" content=\"https:\/\/www.selfempowerment.training\/training\/supervision\/\" \/>\n<meta property=\"og:site_name\" content=\"Selfempowerment Training\" \/>\n<meta property=\"article:modified_time\" content=\"2022-09-22T09:18:23+00:00\" \/>\n<meta property=\"og:image\" content=\"https:\/\/www.selfempowerment.training\/training\/wp-content\/uploads\/2019\/03\/1-Siggi_Experience-9033-1024x683.jpg\" \/>\n\t<meta property=\"og:image:width\" content=\"1024\" \/>\n\t<meta property=\"og:image:height\" content=\"683\" \/>\n\t<meta property=\"og:image:type\" content=\"image\/jpeg\" \/>\n<meta name=\"twitter:card\" content=\"summary_large_image\" \/>\n<meta name=\"twitter:label1\" content=\"Gesch\u00e4tzte Lesezeit\" \/>\n\t<meta name=\"twitter:data1\" content=\"2\u00a0Minuten\" \/>\n<script type=\"application\/ld+json\" class=\"yoast-schema-graph\">{\"@context\":\"https:\/\/schema.org\",\"@graph\":[{\"@type\":\"WebPage\",\"@id\":\"https:\/\/www.selfempowerment.training\/training\/supervision\/\",\"url\":\"https:\/\/www.selfempowerment.training\/training\/supervision\/\",\"name\":\"Supervision & Selbsterfahrung - Selfempowerment Training\",\"isPartOf\":{\"@id\":\"https:\/\/www.selfempowerment.training\/training\/#website\"},\"primaryImageOfPage\":{\"@id\":\"https:\/\/www.selfempowerment.training\/training\/supervision\/#primaryimage\"},\"image\":{\"@id\":\"https:\/\/www.selfempowerment.training\/training\/supervision\/#primaryimage\"},\"thumbnailUrl\":\"https:\/\/www.selfempowerment.training\/training\/wp-content\/uploads\/2019\/03\/1-Siggi_Experience-9033.jpg\",\"datePublished\":\"2016-07-21T09:29:38+00:00\",\"dateModified\":\"2022-09-22T09:18:23+00:00\",\"description\":\"Supervision und Selbsterfahrung f\u00fcr Einzelpersonen und Gruppen Transformative Selbsterfahrung individuell auf Deine Bed\u00fcrfnisse angepasst.\",\"breadcrumb\":{\"@id\":\"https:\/\/www.selfempowerment.training\/training\/supervision\/#breadcrumb\"},\"inLanguage\":\"de\",\"potentialAction\":[{\"@type\":\"ReadAction\",\"target\":[\"https:\/\/www.selfempowerment.training\/training\/supervision\/\"]}]},{\"@type\":\"ImageObject\",\"inLanguage\":\"de\",\"@id\":\"https:\/\/www.selfempowerment.training\/training\/supervision\/#primaryimage\",\"url\":\"https:\/\/www.selfempowerment.training\/training\/wp-content\/uploads\/2019\/03\/1-Siggi_Experience-9033.jpg\",\"contentUrl\":\"https:\/\/www.selfempowerment.training\/training\/wp-content\/uploads\/2019\/03\/1-Siggi_Experience-9033.jpg\",\"width\":3000,\"height\":2000},{\"@type\":\"BreadcrumbList\",\"@id\":\"https:\/\/www.selfempowerment.training\/training\/supervision\/#breadcrumb\",\"itemListElement\":[{\"@type\":\"ListItem\",\"position\":1,\"name\":\"Startseite\",\"item\":\"https:\/\/www.selfempowerment.training\/training\/\"},{\"@type\":\"ListItem\",\"position\":2,\"name\":\"Supervision &#038; Selbsterfahrung\"}]},{\"@type\":\"WebSite\",\"@id\":\"https:\/\/www.selfempowerment.training\/training\/#website\",\"url\":\"https:\/\/www.selfempowerment.training\/training\/\",\"name\":\"Selfempowerment Training\",\"description\":\"Selbsterm\u00e4chtigung - Bewusstsein - Freiheit\",\"publisher\":{\"@id\":\"https:\/\/www.selfempowerment.training\/training\/#organization\"},\"potentialAction\":[{\"@type\":\"SearchAction\",\"target\":{\"@type\":\"EntryPoint\",\"urlTemplate\":\"https:\/\/www.selfempowerment.training\/training\/?s={search_term_string}\"},\"query-input\":\"required name=search_term_string\"}],\"inLanguage\":\"de\"},{\"@type\":\"Organization\",\"@id\":\"https:\/\/www.selfempowerment.training\/training\/#organization\",\"name\":\"Selfempowerment Training\",\"url\":\"https:\/\/www.selfempowerment.training\/training\/\",\"logo\":{\"@type\":\"ImageObject\",\"inLanguage\":\"de\",\"@id\":\"https:\/\/www.selfempowerment.training\/training\/#\/schema\/logo\/image\/\",\"url\":\"https:\/\/www.selfempowerment.training\/training\/wp-content\/uploads\/2017\/03\/cropped-icon.jpg\",\"contentUrl\":\"https:\/\/www.selfempowerment.training\/training\/wp-content\/uploads\/2017\/03\/cropped-icon.jpg\",\"width\":171,\"height\":171,\"caption\":\"Selfempowerment Training\"},\"image\":{\"@id\":\"https:\/\/www.selfempowerment.training\/training\/#\/schema\/logo\/image\/\"}}]}<\/script>\n<!-- \/ Yoast SEO plugin. -->","yoast_head_json":{"title":"Supervision & Selbsterfahrung - Selfempowerment Training","description":"Supervision und Selbsterfahrung f\u00fcr Einzelpersonen und Gruppen Transformative Selbsterfahrung individuell auf Deine Bed\u00fcrfnisse angepasst.","robots":{"index":"index","follow":"follow","max-snippet":"max-snippet:-1","max-image-preview":"max-image-preview:large","max-video-preview":"max-video-preview:-1"},"canonical":"https:\/\/www.selfempowerment.training\/training\/supervision\/","og_locale":"de_DE","og_type":"article","og_title":"Supervision & Selbsterfahrung - Selfempowerment Training","og_description":"Supervision und Selbsterfahrung f\u00fcr Einzelpersonen und Gruppen Transformative Selbsterfahrung individuell auf Deine Bed\u00fcrfnisse angepasst.","og_url":"https:\/\/www.selfempowerment.training\/training\/supervision\/","og_site_name":"Selfempowerment Training","article_modified_time":"2022-09-22T09:18:23+00:00","og_image":[{"width":1024,"height":683,"url":"https:\/\/www.selfempowerment.training\/training\/wp-content\/uploads\/2019\/03\/1-Siggi_Experience-9033-1024x683.jpg","type":"image\/jpeg"}],"twitter_card":"summary_large_image","twitter_misc":{"Gesch\u00e4tzte Lesezeit":"2\u00a0Minuten"},"schema":{"@context":"https:\/\/schema.org","@graph":[{"@type":"WebPage","@id":"https:\/\/www.selfempowerment.training\/training\/supervision\/","url":"https:\/\/www.selfempowerment.training\/training\/supervision\/","name":"Supervision & Selbsterfahrung - Selfempowerment Training","isPartOf":{"@id":"https:\/\/www.selfempowerment.training\/training\/#website"},"primaryImageOfPage":{"@id":"https:\/\/www.selfempowerment.training\/training\/supervision\/#primaryimage"},"image":{"@id":"https:\/\/www.selfempowerment.training\/training\/supervision\/#primaryimage"},"thumbnailUrl":"https:\/\/www.selfempowerment.training\/training\/wp-content\/uploads\/2019\/03\/1-Siggi_Experience-9033.jpg","datePublished":"2016-07-21T09:29:38+00:00","dateModified":"2022-09-22T09:18:23+00:00","description":"Supervision und Selbsterfahrung f\u00fcr Einzelpersonen und Gruppen Transformative Selbsterfahrung individuell auf Deine Bed\u00fcrfnisse angepasst.","breadcrumb":{"@id":"https:\/\/www.selfempowerment.training\/training\/supervision\/#breadcrumb"},"inLanguage":"de","potentialAction":[{"@type":"ReadAction","target":["https:\/\/www.selfempowerment.training\/training\/supervision\/"]}]},{"@type":"ImageObject","inLanguage":"de","@id":"https:\/\/www.selfempowerment.training\/training\/supervision\/#primaryimage","url":"https:\/\/www.selfempowerment.training\/training\/wp-content\/uploads\/2019\/03\/1-Siggi_Experience-9033.jpg","contentUrl":"https:\/\/www.selfempowerment.training\/training\/wp-content\/uploads\/2019\/03\/1-Siggi_Experience-9033.jpg","width":3000,"height":2000},{"@type":"BreadcrumbList","@id":"https:\/\/www.selfempowerment.training\/training\/supervision\/#breadcrumb","itemListElement":[{"@type":"ListItem","position":1,"name":"Startseite","item":"https:\/\/www.selfempowerment.training\/training\/"},{"@type":"ListItem","position":2,"name":"Supervision &#038; Selbsterfahrung"}]},{"@type":"WebSite","@id":"https:\/\/www.selfempowerment.training\/training\/#website","url":"https:\/\/www.selfempowerment.training\/training\/","name":"Selfempowerment Training","description":"Selbsterm\u00e4chtigung - Bewusstsein - Freiheit","publisher":{"@id":"https:\/\/www.selfempowerment.training\/training\/#organization"},"potentialAction":[{"@type":"SearchAction","target":{"@type":"EntryPoint","urlTemplate":"https:\/\/www.selfempowerment.training\/training\/?s={search_term_string}"},"query-input":"required name=search_term_string"}],"inLanguage":"de"},{"@type":"Organization","@id":"https:\/\/www.selfempowerment.training\/training\/#organization","name":"Selfempowerment Training","url":"https:\/\/www.selfempowerment.training\/training\/","logo":{"@type":"ImageObject","inLanguage":"de","@id":"https:\/\/www.selfempowerment.training\/training\/#\/schema\/logo\/image\/","url":"https:\/\/www.selfempowerment.training\/training\/wp-content\/uploads\/2017\/03\/cropped-icon.jpg","contentUrl":"https:\/\/www.selfempowerment.training\/training\/wp-content\/uploads\/2017\/03\/cropped-icon.jpg","width":171,"height":171,"caption":"Selfempowerment Training"},"image":{"@id":"https:\/\/www.selfempowerment.training\/training\/#\/schema\/logo\/image\/"}}]}},"_links":{"self":[{"href":"https:\/\/www.selfempowerment.training\/training\/wp-json\/wp\/v2\/pages\/59","targetHints":{"allow":["GET"]}}],"collection":[{"href":"https:\/\/www.selfempowerment.training\/training\/wp-json\/wp\/v2\/pages"}],"about":[{"href":"https:\/\/www.selfempowerment.training\/training\/wp-json\/wp\/v2\/types\/page"}],"author":[{"embeddable":true,"href":"https:\/\/www.selfempowerment.training\/training\/wp-json\/wp\/v2\/users\/3"}],"replies":[{"embeddable":true,"href":"https:\/\/www.selfempowerment.training\/training\/wp-json\/wp\/v2\/comments?post=59"}],"version-history":[{"count":18,"href":"https:\/\/www.selfempowerment.training\/training\/wp-json\/wp\/v2\/pages\/59\/revisions"}],"predecessor-version":[{"id":802,"href":"https:\/\/www.selfempowerment.training\/training\/wp-json\/wp\/v2\/pages\/59\/revisions\/802"}],"wp:featuredmedia":[{"embeddable":true,"href":"https:\/\/www.selfempowerment.training\/training\/wp-json\/wp\/v2\/media\/609"}],"wp:attachment":[{"href":"https:\/\/www.selfempowerment.training\/training\/wp-json\/wp\/v2\/media?parent=59"}],"curies":[{"name":"wp","href":"https:\/\/api.w.org\/{rel}","templated":true}]}}