{"id":11,"date":"2016-07-19T10:41:59","date_gmt":"2016-07-19T08:41:59","guid":{"rendered":"http:\/\/www.selfempowerment.training\/training\/?page_id=11"},"modified":"2024-05-21T18:49:14","modified_gmt":"2024-05-21T16:49:14","slug":"mentoringbegleitung","status":"publish","type":"page","link":"https:\/\/www.selfempowerment.training\/training\/mentoringbegleitung\/","title":{"rendered":"Mentoring &#8211; dauerhafte grundlegende Ver\u00e4nderung"},"content":{"rendered":"<p style=\"text-align: center;\">LET THE BEAUTY OF WHAT YOU LOVE<br \/>\nBE WHAT YOU DO<br \/>\n\u2022 Rumi<\/p>\n<p>Wenn du in deinem Leben etwas dauerhaft grundlegend ver\u00e4ndern willst dann empfehle ich Dir\u00a0 <em>Mentoring<\/em> in Anspruch zu nehmen.<\/p>\n<p>Im Gegensatz zu Coaching\/Beratung wo oftmals ein ganz bestimmtes Ziel erreicht oder ein spezifischer Umstand ver\u00e4ndert werden m\u00f6chte, ist das Mentoring darauf ausgerichtet, eine <strong>grundlegende Ver\u00e4nderung in deinem Leben<\/strong> zu bewirken.<\/p>\n<p>Dies hat viele Vorteile da ich dich &#8211; in mehr oder weniger regelm\u00e4\u00dfigen Abst\u00e4nden \u2013 begleite die gew\u00fcnschte Ver\u00e4nderung vielschichtig\u00a0sowie in m\u00f6glichst alle deine Lebensbereiche zu integrieren. So kannst du sicher sein, dass die Wirkung einer Intervention nicht nur von kurzer Dauer ist, sondern dass du selbst die F\u00e4higkeit erlernst dich zu Navigieren und dein best\u00e4ndiger Coach zu werden.<\/p>\n<p>Bildlich ausgedr\u00fcckt ist klassisches Coaching dem Besuch bei einem Fischer \u00e4hnlich. Du willst einen Fisch, gehst zu einem\u00a0Fischer der dir hilft den Fisch zu fangen, freust dich und gehst deiner Wege.<\/p>\n<h4>Beim Mentoring Programm lernst du\u00a0nicht nur wo genau die Fische sind, sondern wie du sie k\u00f6derst, unterscheidest, f\u00e4ngst, dir Route und Netze baust und so fischst, damit nachhaltig immer genug Fische f\u00fcr dich und andere da sein werden.<\/h4>\n<p>Du kannst dich dabei entscheiden ob du 3 Monate, 6 Monate oder ein Jahr dieses Programm nutzen willst und in welchen periodischen Abst\u00e4nden du betreut werden m\u00f6chtest.<\/p>\n<p>Das Sch\u00f6ne daran ist, dass du sowohl Tempo, als auch Intensit\u00e4t und H\u00e4ufigkeit bestimmen kannst. Die Termine bestimmen wir gemeinsam und relativ spontan bzw. bei bedarf. Dazu musst du auch nicht immer zu mir kommen. Vieles kann auch \u00fcber Telefon bzw. Skype erkl\u00e4rt werden.<\/p>\n<p>Beim Mentoring-Programm gehst du ein Komittment, eine Art Bindung ein dich mit deiner Thematik regelm\u00e4\u00dfig auseinander zu setzen. Den Weg zu finden, dabei unterst\u00fctze ich Dich, gehen musst du ihn selbst.<\/p>\n<p>Die Interventionen ob im Wohnzimmer oder am Kletterfels, mittels Mountainbike oder Meditation, Fasten oder Visions-Suche, Singen vor Publikum oder eine Rede halten &#8211; es gibt viele M\u00f6glichkeiten sich des eigenen Potentials, der eigenen Kraft und Macht wieder zu erinnern und zu leben.<\/p>\n<h4>Am Ende deines Lebens wirst du nicht bereuen was du versucht hast und woran Du eventuell gescheitert bist, sondern was du aus Angst, Scham oder Selbst-Zweifel erst gar nicht probiert hast.<\/h4>\n<p>Zwischendurch, jedoch sp\u00e4testens nach der vereinbarten Zeit, evaluieren wir wie Nahe du deinem Ziel gekommen bist.<\/p>\n<p>Interesse oder Fragen? Kontaktiere mich einfach!<\/p>\n","protected":false},"excerpt":{"rendered":"<p>LET THE BEAUTY OF WHAT YOU LOVE BE WHAT YOU DO \u2022 Rumi Wenn du in deinem Leben etwas dauerhaft grundlegend ver\u00e4ndern willst dann empfehle ich Dir\u00a0 Mentoring in Anspruch zu nehmen. Im Gegensatz&#46;&#46;&#46;<\/p>\n","protected":false},"author":3,"featured_media":0,"parent":0,"menu_order":0,"comment_status":"closed","ping_status":"closed","template":"","meta":{"footnotes":""},"class_list":["post-11","page","type-page","status-publish","hentry"],"yoast_head":"<!-- This site is optimized with the Yoast SEO plugin v22.7 - https:\/\/yoast.com\/wordpress\/plugins\/seo\/ -->\n<title>Mentoring - dauerhafte grundlegende Ver\u00e4nderung - Selfempowerment Training<\/title>\n<meta name=\"description\" content=\"Mentoring - dauerhafte grundlegende positive Ver\u00e4nderung Selbst die F\u00e4higkeit erlernen dich zu Navigieren und dein best\u00e4ndiger Coach zu werden.\" \/>\n<meta name=\"robots\" content=\"index, follow, max-snippet:-1, max-image-preview:large, max-video-preview:-1\" \/>\n<link rel=\"canonical\" href=\"https:\/\/www.selfempowerment.training\/training\/mentoringbegleitung\/\" \/>\n<meta property=\"og:locale\" content=\"de_DE\" \/>\n<meta property=\"og:type\" content=\"article\" \/>\n<meta property=\"og:title\" content=\"Mentoring - dauerhafte grundlegende Ver\u00e4nderung - Selfempowerment Training\" \/>\n<meta property=\"og:description\" content=\"Mentoring - dauerhafte grundlegende positive Ver\u00e4nderung Selbst die F\u00e4higkeit erlernen dich zu Navigieren und dein best\u00e4ndiger Coach zu werden.\" \/>\n<meta property=\"og:url\" content=\"https:\/\/www.selfempowerment.training\/training\/mentoringbegleitung\/\" \/>\n<meta property=\"og:site_name\" content=\"Selfempowerment Training\" \/>\n<meta property=\"article:modified_time\" content=\"2024-05-21T16:49:14+00:00\" \/>\n<meta name=\"twitter:card\" content=\"summary_large_image\" \/>\n<meta name=\"twitter:label1\" content=\"Gesch\u00e4tzte Lesezeit\" \/>\n\t<meta name=\"twitter:data1\" content=\"3\u00a0Minuten\" \/>\n<script type=\"application\/ld+json\" class=\"yoast-schema-graph\">{\"@context\":\"https:\/\/schema.org\",\"@graph\":[{\"@type\":\"WebPage\",\"@id\":\"https:\/\/www.selfempowerment.training\/training\/mentoringbegleitung\/\",\"url\":\"https:\/\/www.selfempowerment.training\/training\/mentoringbegleitung\/\",\"name\":\"Mentoring - dauerhafte grundlegende Ver\u00e4nderung - Selfempowerment Training\",\"isPartOf\":{\"@id\":\"https:\/\/www.selfempowerment.training\/training\/#website\"},\"datePublished\":\"2016-07-19T08:41:59+00:00\",\"dateModified\":\"2024-05-21T16:49:14+00:00\",\"description\":\"Mentoring - dauerhafte grundlegende positive Ver\u00e4nderung Selbst die F\u00e4higkeit erlernen dich zu Navigieren und dein best\u00e4ndiger Coach zu werden.\",\"breadcrumb\":{\"@id\":\"https:\/\/www.selfempowerment.training\/training\/mentoringbegleitung\/#breadcrumb\"},\"inLanguage\":\"de\",\"potentialAction\":[{\"@type\":\"ReadAction\",\"target\":[\"https:\/\/www.selfempowerment.training\/training\/mentoringbegleitung\/\"]}]},{\"@type\":\"BreadcrumbList\",\"@id\":\"https:\/\/www.selfempowerment.training\/training\/mentoringbegleitung\/#breadcrumb\",\"itemListElement\":[{\"@type\":\"ListItem\",\"position\":1,\"name\":\"Startseite\",\"item\":\"https:\/\/www.selfempowerment.training\/training\/\"},{\"@type\":\"ListItem\",\"position\":2,\"name\":\"Mentoring &#8211; dauerhafte grundlegende Ver\u00e4nderung\"}]},{\"@type\":\"WebSite\",\"@id\":\"https:\/\/www.selfempowerment.training\/training\/#website\",\"url\":\"https:\/\/www.selfempowerment.training\/training\/\",\"name\":\"Selfempowerment Training\",\"description\":\"Selbsterm\u00e4chtigung - Bewusstsein - Freiheit\",\"publisher\":{\"@id\":\"https:\/\/www.selfempowerment.training\/training\/#organization\"},\"potentialAction\":[{\"@type\":\"SearchAction\",\"target\":{\"@type\":\"EntryPoint\",\"urlTemplate\":\"https:\/\/www.selfempowerment.training\/training\/?s={search_term_string}\"},\"query-input\":\"required name=search_term_string\"}],\"inLanguage\":\"de\"},{\"@type\":\"Organization\",\"@id\":\"https:\/\/www.selfempowerment.training\/training\/#organization\",\"name\":\"Selfempowerment Training\",\"url\":\"https:\/\/www.selfempowerment.training\/training\/\",\"logo\":{\"@type\":\"ImageObject\",\"inLanguage\":\"de\",\"@id\":\"https:\/\/www.selfempowerment.training\/training\/#\/schema\/logo\/image\/\",\"url\":\"https:\/\/www.selfempowerment.training\/training\/wp-content\/uploads\/2017\/03\/cropped-icon.jpg\",\"contentUrl\":\"https:\/\/www.selfempowerment.training\/training\/wp-content\/uploads\/2017\/03\/cropped-icon.jpg\",\"width\":171,\"height\":171,\"caption\":\"Selfempowerment Training\"},\"image\":{\"@id\":\"https:\/\/www.selfempowerment.training\/training\/#\/schema\/logo\/image\/\"}}]}<\/script>\n<!-- \/ Yoast SEO plugin. -->","yoast_head_json":{"title":"Mentoring - dauerhafte grundlegende Ver\u00e4nderung - Selfempowerment Training","description":"Mentoring - dauerhafte grundlegende positive Ver\u00e4nderung Selbst die F\u00e4higkeit erlernen dich zu Navigieren und dein best\u00e4ndiger Coach zu werden.","robots":{"index":"index","follow":"follow","max-snippet":"max-snippet:-1","max-image-preview":"max-image-preview:large","max-video-preview":"max-video-preview:-1"},"canonical":"https:\/\/www.selfempowerment.training\/training\/mentoringbegleitung\/","og_locale":"de_DE","og_type":"article","og_title":"Mentoring - dauerhafte grundlegende Ver\u00e4nderung - Selfempowerment Training","og_description":"Mentoring - dauerhafte grundlegende positive Ver\u00e4nderung Selbst die F\u00e4higkeit erlernen dich zu Navigieren und dein best\u00e4ndiger Coach zu werden.","og_url":"https:\/\/www.selfempowerment.training\/training\/mentoringbegleitung\/","og_site_name":"Selfempowerment Training","article_modified_time":"2024-05-21T16:49:14+00:00","twitter_card":"summary_large_image","twitter_misc":{"Gesch\u00e4tzte Lesezeit":"3\u00a0Minuten"},"schema":{"@context":"https:\/\/schema.org","@graph":[{"@type":"WebPage","@id":"https:\/\/www.selfempowerment.training\/training\/mentoringbegleitung\/","url":"https:\/\/www.selfempowerment.training\/training\/mentoringbegleitung\/","name":"Mentoring - dauerhafte grundlegende Ver\u00e4nderung - Selfempowerment Training","isPartOf":{"@id":"https:\/\/www.selfempowerment.training\/training\/#website"},"datePublished":"2016-07-19T08:41:59+00:00","dateModified":"2024-05-21T16:49:14+00:00","description":"Mentoring - dauerhafte grundlegende positive Ver\u00e4nderung Selbst die F\u00e4higkeit erlernen dich zu Navigieren und dein best\u00e4ndiger Coach zu werden.","breadcrumb":{"@id":"https:\/\/www.selfempowerment.training\/training\/mentoringbegleitung\/#breadcrumb"},"inLanguage":"de","potentialAction":[{"@type":"ReadAction","target":["https:\/\/www.selfempowerment.training\/training\/mentoringbegleitung\/"]}]},{"@type":"BreadcrumbList","@id":"https:\/\/www.selfempowerment.training\/training\/mentoringbegleitung\/#breadcrumb","itemListElement":[{"@type":"ListItem","position":1,"name":"Startseite","item":"https:\/\/www.selfempowerment.training\/training\/"},{"@type":"ListItem","position":2,"name":"Mentoring &#8211; dauerhafte grundlegende Ver\u00e4nderung"}]},{"@type":"WebSite","@id":"https:\/\/www.selfempowerment.training\/training\/#website","url":"https:\/\/www.selfempowerment.training\/training\/","name":"Selfempowerment Training","description":"Selbsterm\u00e4chtigung - Bewusstsein - Freiheit","publisher":{"@id":"https:\/\/www.selfempowerment.training\/training\/#organization"},"potentialAction":[{"@type":"SearchAction","target":{"@type":"EntryPoint","urlTemplate":"https:\/\/www.selfempowerment.training\/training\/?s={search_term_string}"},"query-input":"required name=search_term_string"}],"inLanguage":"de"},{"@type":"Organization","@id":"https:\/\/www.selfempowerment.training\/training\/#organization","name":"Selfempowerment Training","url":"https:\/\/www.selfempowerment.training\/training\/","logo":{"@type":"ImageObject","inLanguage":"de","@id":"https:\/\/www.selfempowerment.training\/training\/#\/schema\/logo\/image\/","url":"https:\/\/www.selfempowerment.training\/training\/wp-content\/uploads\/2017\/03\/cropped-icon.jpg","contentUrl":"https:\/\/www.selfempowerment.training\/training\/wp-content\/uploads\/2017\/03\/cropped-icon.jpg","width":171,"height":171,"caption":"Selfempowerment Training"},"image":{"@id":"https:\/\/www.selfempowerment.training\/training\/#\/schema\/logo\/image\/"}}]}},"_links":{"self":[{"href":"https:\/\/www.selfempowerment.training\/training\/wp-json\/wp\/v2\/pages\/11","targetHints":{"allow":["GET"]}}],"collection":[{"href":"https:\/\/www.selfempowerment.training\/training\/wp-json\/wp\/v2\/pages"}],"about":[{"href":"https:\/\/www.selfempowerment.training\/training\/wp-json\/wp\/v2\/types\/page"}],"author":[{"embeddable":true,"href":"https:\/\/www.selfempowerment.training\/training\/wp-json\/wp\/v2\/users\/3"}],"replies":[{"embeddable":true,"href":"https:\/\/www.selfempowerment.training\/training\/wp-json\/wp\/v2\/comments?post=11"}],"version-history":[{"count":11,"href":"https:\/\/www.selfempowerment.training\/training\/wp-json\/wp\/v2\/pages\/11\/revisions"}],"predecessor-version":[{"id":836,"href":"https:\/\/www.selfempowerment.training\/training\/wp-json\/wp\/v2\/pages\/11\/revisions\/836"}],"wp:attachment":[{"href":"https:\/\/www.selfempowerment.training\/training\/wp-json\/wp\/v2\/media?parent=11"}],"curies":[{"name":"wp","href":"https:\/\/api.w.org\/{rel}","templated":true}]}}